u?
2, 7
Let a(k) = k**2 - k - 1. Let j(x) = -x**3 - 13*x**2 - 2*x + 11. Let z(y) = -4*a(y) - j(y). List the prime factors of z(-8).
3
Let l(b) = 3*b - 21. What are the prime factors of l(12)?
3, 5
Suppose r + 2*r = -3*s + 99, -3*r + 5*s = -131. What are the prime factors of r?
37
What are the prime factors of 1/2 - 77/(-42)*201?
3, 41
Let b = -41 - -84. What are the prime factors of b?
43
Let p(k) = -8*k - 88. List the prime factors of p(-17).
2, 3
Let w = -6 + 61. What are the prime factors of w?
5, 11
What are the prime factors of (-173)/(2*1*1/(-2))?
173
Let a(n) = n**3 - 8*n**2 + 8*n. What are the prime factors of a(9)?
3, 17
Let y(m) = 13*m**2 - m - 1. Let g(u) be the first derivative of u**4/4 + 11*u**3/3 + 11*u**2/2 + 9*u - 3. Let a be g(-10). What are the prime factors of y(a)?
13
Let b = -79 - -123. What are the prime factors of b?
2, 11
Let u be (-3)/(-4)*(-216)/6. List the prime factors of 68/6*u/(-18).
17
Suppose -8*r = -4*r - 188. What are the prime factors of r?
47
Let n = -387 + 717. List the prime factors of n.
2, 3, 5, 11
Let h(k) = 5*k - 3. Let q(t) = t**2 - t + 1. Let b(z) = h(z) - q(z). Let j be b(4). What are the prime factors of (11/(-4))/(j/(-16))?
11
Suppose 2*t + 4 = 2*i, -2*i + 0*i + 10 = 4*t. Suppose -a + 146 = 5*z, -3*z + 98 = -5*a + i*a. What are the prime factors of z?
2, 3, 5
Let d(a) = -a**3 - 6*a**2 + a + 1. Let f be d(-7). Let r = f - 26. What are the prime factors of r?
17
Let c(r) = 95*r**3 - 2*r**2 - 2*r - 1. Let f be c(-1). List the prime factors of ((-17)/4)/(8/f).
3, 17
Let b(n) = 2*n**2 - n. List the prime factors of b(-3).
3, 7
What are the prime factors of 4 + 18 + (3 - 0)?
5
Let k be 0 + 1 + (4 - 2). Suppose 0 = -k*w + 7*w + 104. Let j = w - -40. What are the prime factors of j?
2, 7
Suppose 8*l + 20 = 10*l. What are the prime factors of l?
2, 5
Suppose 1 = k + o, k = -0*k - 4*o + 1. Let f be -1*(1 + -2 + k). Suppose -3*h + 3 = 0, 11 = 2*i + h - f*h. List the prime factors of i.
5
Let t(i) = 8*i + 8. List the prime factors of t(6).
2, 7
Let a(x) = x**3 + 5*x**2 + 3*x - 2. Let y be a(-4). Let z = y + -12. Let k = z + 16. What are the prime factors of k?
2, 3
Let u = 11 + -5. Let i = -29 + 43. Let n = u + i. List the prime factors of n.
2, 5
Let l = 2 + -1. Let z = 4 + l. Suppose -17 - 8 = -z*n. What are the prime factors of n?
5
Suppose -4*r + 97 + 27 = 0. What are the prime factors of r?
31
Let a = -73 - -102. Let r = a + -19. What are the prime factors of r?
2, 5
Let o be (-192)/(-6) + -1 + -1. Suppose 2*m - 3*j - o = -9, 20 = -4*j. Suppose -5*d + 73 = m*w, d - 3*d - 4*w + 32 = 0. What are the prime factors of d?
2, 7
Let x(h) = 4*h - 6. Let z be x(4). Suppose 3*r - 8 - z = 0. What are the prime factors of r?
2, 3
Let g = -136 + 199. List the prime factors of g.
3, 7
Let w(l) = -l. Let p be w(-3). List the prime factors of (p + (-28)/8)*-4.
2
Let y(u) = -u**2 + 10*u - 9. Let j be y(8). Let w(r) = r**2 - 4*r - 4. List the prime factors of w(j).
17
Let b(p) = -p**3 - 16*p**2 - p - 10. Let v be b(-16). What are the prime factors of 274/8 - v/(-8)?
5, 7
List the prime factors of -4*((-68)/16 - -2).
3
Suppose -2*u + h + 133 = 0, -261 = -6*u + 2*u - 3*h. What are the prime factors of u?
2, 3, 11
Let f be (-2)/(-4) + 9/(-2). Suppose -3*a + 24 = -7*a. Let d = f - a. What are the prime factors of d?
2
Let i(p) = p**2 - p - 2. List the prime factors of i(5).
2, 3
Suppose d - k = k + 55, -3*d - k + 151 = 0. List the prime factors of d.
3, 17
Let b = 34 + -19. What are the prime factors of b?
3, 5
List the prime factors of -1*(-4 - -2) + 16.
2, 3
List the prime factors of (20/16 - 1) + 684/16.
43
Let r(j) = -j**3 + j + 2. Let m be r(0). Let g = m - 0. List the prime factors of 3*(4 - g)/2.
3
Suppose -7*b + 49 + 21 = 0. List the prime factors of b.
2, 5
Let b(i) = -30*i**2 + 8*i + 8. Let c(m) = m + 4. Let g be c(-8). Let u(y) = 10*y**2 - 3*y - 3. Let k(q) = g*b(q) - 11*u(q). List the prime factors of k(-1).
2, 5
Suppose -5*p + 1044 = p. What are the prime factors of p?
2, 3, 29
Let c = -42 + 68. What are the prime factors of c?
2, 13
Let n be ((-2)/(-6))/(4/12). Suppose -3 + n = -z. List the prime factors of z.
2
What are the prime factors of (2 + 1)*(-202)/(-6)*1?
101
Suppose -4*s + 50 = 2*f, s + 2*s - 146 = -5*f. List the prime factors of f.
31
Suppose 10 = 3*c + 1. Suppose -82 + 34 = -c*n. List the prime factors of n.
2
Let t(z) = -z + 1. Let g be 0 + (-1 + -1 - -6). Let f be t(g). Let o = f - -7. List the prime factors of o.
2
Let z(h) = 19*h**2 - 14*h**2 - h**3 - 3*h + 2*h**3. List the prime factors of z(-5).
3, 5
Suppose -3*m = -59 - 4. What are the prime factors of m?
3, 7
Let c(s) = 2*s**2 + 4*s + 2. Let z be c(-3). Suppose m - 11 = z. What are the prime factors of m?
19
Suppose 3*s + 4*o - 475 - 291 = 0, -s + 4*o + 282 = 0. What are the prime factors of s?
2, 131
Suppose 2*c + c = -3*s + 33, 0 = -5*s - c + 51. Suppose b = 6*b - s. What are the prime factors of b?
2
Let r(h) = 4*h**2 - 2*h**2 - 2*h**3 - 4 + 0*h**3 + h**3 + 5*h. Let a be r(3). List the prime factors of (-16)/(-12)*21/a.
2, 7
Let m = 20 + -8. Suppose v = -2*v + m. List the prime factors of v.
2
Suppose -b = 3*b + 24. List the prime factors of 112/8*b/(-7).
2, 3
Let x = 1 - -2. Suppose 4*w = 5*f - 6, -5*f + 1 + 4 = -5*w. Suppose -n - f*n = -x*o + 36, o + 3*n + 4 = 0. List the prime factors of o.
2
Let y = 29 + -6. Let x(q) = -q - 3. Let h be x(-8). Let i = y - h. List the prime factors of i.
2, 3
Suppose 23 = 5*o + 13. List the prime factors of o.
2
Suppose 3*j - 2*j = 2. Suppose 3*t - j = -8. List the prime factors of t/(-6) + (-141)/(-9).
2
Suppose -4*y - 106 = -2*b, -5*y - 25 = -5*b + 110. Let u be (-2)/7 + (-536)/(-14). Let f = y + u. List the prime factors of f.
2, 3
Let f = -6 + 8. Let j(h) = 6*h**2 - h - 1. What are the prime factors of j(f)?
3, 7
Suppose -4*y = 3*a + 13, 5 = 2*a + 3*y + 14. What are the prime factors of a/6*(-12 + -2)?
7
Let k(a) be the second derivative of a**5/20 + a**4/3 + a**3/3 - 3*a. Let j be k(-3). Suppose 0 = 4*c - j*c - 2. What are the prime factors of c?
2
List the prime factors of (-4 + 1)*1/((-9)/159).
53
Let z(v) be the first derivative of v**4/4 + v**3/3 + 8*v + 2. Let j be z(0). Suppose 2*k = -3*b + j, 4*b = -k + 4 + 5. What are the prime factors of b?
2
Suppose 2*r + 60 = 486. What are the prime factors of r?
3, 71
Suppose 0 = -2*q - 5*a + 423, -4*q + 659 = 3*a - 152. What are the prime factors of q?
199
Let t(x) = 4*x**2 - 2*x. Let k(z) = -3*z**2 + 2*z + 1. Suppose -5*n - 23 = 2*i, 3*i - 20 = 8*i. Let l(f) = n*k(f) - 2*t(f). List the prime factors of l(-2).
5
Let b(n) = -n**3 - n**2 - n. Let d be b(-1). Let p be 4/8 - 2/4. Suppose -5*t = -3*o - p*o + d, 0 = 4*t - 4. What are the prime factors of o?
2
Let k = 3 + -1. Suppose k*s - 32 = -2*s. What are the prime factors of s?
2
Let m = -10 - -16. Suppose -m*d + 22 = -14. What are the prime factors of d?
2, 3
Let i(r) = -r - 4. Let o be i(-4). Suppose -d = -o*d. List the prime factors of -1 + 12 + d/1.
11
Suppose 5*k + 2*y - 7 = 11, 3*y = -k + 14. What are the prime factors of k - -48 - (1 + -4)?
53
Let i(h) = -h + 1. Let j be i(3). Let p(m) = -2*m + 1. Let z be p(j). Suppose -16 - 9 = -z*o. What are the prime factors of o?
5
Let b(q) = -4*q + 3. What are the prime factors of b(-6)?
3
Let y(x) = 4*x + 7. Let v(k) = -6*k - 11. Suppose 5 = 4*s - 15. Let m(q) = s*v(q) + 8*y(q). What are the prime factors of m(7)?
3, 5
Let f(h) = 7*h**2 + 14*h - 30. What are the prime factors of f(4)?
2, 3, 23
Suppose 0 = -5*m - 3 + 8. Suppose 14 = z + m. What are the prime factors of z?
13
Suppose 0 = -2*k - 5*k - 14. Let q be -2 - (-1)/(2/(-8)). What are the prime factors of (-31)/(-3) - k/q?
2, 5
Suppose 0 = -2*u + 3*u - 10. Let v = u + -4. What are the prime factors of v?
2, 3
Let n = 25 + 7. List the prime factors of n.
2
Let f = 55 + -14. What are the prime factors of f?
41
Let l = 14 + -12. Suppose l*k - 115 = -35. What are the prime factors of k?
2, 5
Let o = -10 + 16. Suppose -3*j = -o - 6. What are the prime factors of j?
2
Let u(m) = -5*m + 6. List the prime factors of u(-9).
3, 17
Suppose -21*h = -25*h + 328. What are the prime factors of h?
2, 41
Let n be (-9)/(-3)*1 - 1. Let r = n + -2. Suppose -5*z + o + 47 = r, z + 3*z - o - 37 = 0. What are the prime f